{"id":21474,"date":"2025-05-27T21:00:36","date_gmt":"2025-05-27T21:00:36","guid":{"rendered":"https:\/\/cpv2024.ine.gob.bo\/?page_id=21474"},"modified":"2025-08-20T12:34:16","modified_gmt":"2025-08-20T12:34:16","slug":"pre-comunicacion-estrategiadecomunicacion","status":"publish","type":"page","link":"https:\/\/cpv2024.ine.gob.bo\/index.php\/sobre-el-censo\/pre-comunicacion\/pre-comunicacion-estrategiadecomunicacion\/","title":{"rendered":"ESTRATEGIA DE COMUNICACI\u00d3N"},"content":{"rendered":"\n<div class=\"wp-block-group has-global-padding is-layout-constrained wp-container-core-group-is-layout-63eb7806 wp-block-group-is-layout-constrained\">\n<p class=\"is-style-text-subtitle is-style-text-subtitle--2\">Estrategia de comunicaci\u00f3n<\/p>\n\n\n\n<figure class=\"wp-block-image aligncenter size-large is-resized\"><img loading=\"lazy\" decoding=\"async\" width=\"1024\" height=\"512\" src=\"https:\/\/cpv2024.ine.gob.bo\/wp-content\/uploads\/2025\/05\/estrategia-1024x512.jpg\" alt=\"\" class=\"wp-image-21478\" style=\"width:1098px;height:auto\" srcset=\"https:\/\/cpv2024.ine.gob.bo\/wp-content\/uploads\/2025\/05\/estrategia-1024x512.jpg 1024w, https:\/\/cpv2024.ine.gob.bo\/wp-content\/uploads\/2025\/05\/estrategia-300x150.jpg 300w, https:\/\/cpv2024.ine.gob.bo\/wp-content\/uploads\/2025\/05\/estrategia-768x384.jpg 768w, https:\/\/cpv2024.ine.gob.bo\/wp-content\/uploads\/2025\/05\/estrategia-1536x768.jpg 1536w, https:\/\/cpv2024.ine.gob.bo\/wp-content\/uploads\/2025\/05\/estrategia.jpg 1600w\" sizes=\"auto, (max-width: 1024px) 100vw, 1024px\" \/><\/figure>\n\n\n\n<p><strong>INTRODUCCI\u00d3N<\/strong><\/p>\n\n\n\n<p class=\"justify-text\">El Censo de Poblaci\u00f3n y Vivienda es el evento estad\u00edstico de mayor importancia para el pa\u00eds, pues recoge informaci\u00f3n de toda la poblaci\u00f3n y las viviendas ubicadas en el territorio nacional. Es la fuente de datos indispensable para caracterizar a la poblaci\u00f3n y las viviendas: permite saber cu\u00e1ntos y c\u00f3mo somos, d\u00f3nde y c\u00f3mo vivimos.<\/p>\n\n\n\n<p class=\"justify-text\">La informaci\u00f3n censal es sustento del dise\u00f1o y evaluaci\u00f3n de las pol\u00edticas p\u00fablicas para los siguientes 10 a\u00f1os; adem\u00e1s provee datos \u00fatiles para fundamentar la toma de decisiones al sector empresarial, la realizaci\u00f3n de estudios del sector acad\u00e9mico y el conocimiento de la realidad sociodemogr\u00e1fica nacional para la sociedad en su conjunto.<\/p>\n\n\n\n<p><strong>VALORES DE LA CAMPA\u00d1A<\/strong><\/p>\n\n\n\n<ul class=\"wp-block-list\">\n<li>OPTIMISMO<\/li>\n<\/ul>\n\n\n\n<p class=\"justify-text\">Informar y sensibilizar a la poblaci\u00f3n en general sobre el valor del Censo y la importancia de abrir la puerta a los censistas para obtener informaci\u00f3n que contribuir\u00e1 a la toma de decisiones en beneficio del pa\u00eds.<\/p>\n\n\n\n<ul class=\"wp-block-list\">\n<li>CONFIANZA<\/li>\n<\/ul>\n\n\n\n<p class=\"justify-text\">Lograr que los ciudadanos se sientan seguros y en confianza para abrir la puerta de sus viviendas y responder el censo, as\u00ed como dar certidumbre sobre el buen uso de la informaci\u00f3n por parte del INE.<\/p>\n\n\n\n<ul class=\"wp-block-list\">\n<li>ENTUSIASMO<\/li>\n<\/ul>\n\n\n\n<p class=\"justify-text\">Transmitir mensajes sobre la participaci\u00f3n en el censo con entusiasmo, ya que se requerir\u00e1 de una participaci\u00f3n masiva para el operativo de campo que recabar\u00e1 la informaci\u00f3n de toda la poblaci\u00f3n del pa\u00eds y representa un esfuerzo de gran magnitud.<\/p>\n\n\n\n<ul class=\"wp-block-list\">\n<li>CREDIBILIDAD<\/li>\n<\/ul>\n\n\n\n<p class=\"justify-text\">Dar credibilidad al proceso de planeaci\u00f3n, levantamiento y procesamiento de la informaci\u00f3n del censo entre la poblaci\u00f3n y los actores estrat\u00e9gicos del sector p\u00fablico, privado, acad\u00e9mico y las organizaciones de la sociedad civil.<\/p>\n\n\n\n<p><strong>OBJETIVO DE LA ESTRATEGIA<\/strong><\/p>\n\n\n\n<p class=\"justify-text\">Informar y sensibilizar a la poblaci\u00f3n en general sobre el valor del censo y la importancia de participar abriendo la puerta a los censistas para obtener informaci\u00f3n que contribuir\u00e1 a la toma de decisiones en favor del pa\u00eds. Asimismo, darle credibilidad al proceso y a los resultados que se deriven del censo.<\/p>\n\n\n\n<p><strong>P\u00daBLICO OBJETIVO<\/strong><\/p>\n\n\n\n<p class=\"justify-text\">La poblaci\u00f3n en general de cualquier nivel socioecon\u00f3mico, sin importar origen \u00e9tnico, nacionalidad, color de piel, lengua, g\u00e9nero, edad, discapacidad, condici\u00f3n jur\u00eddica, social o econ\u00f3mica, identidad ind\u00edgena, identidad de g\u00e9nero, apariencia f\u00edsica, condiciones de salud, religi\u00f3n, formas de pensar, orientaci\u00f3n o preferencia sexual.<\/p>\n\n\n\n<p><strong>CALL TO ACTION<\/strong><\/p>\n\n\n\n<p class=\"justify-text\">Que la poblaci\u00f3n se sensibilice frente a la importancia de contar con un censo de buena calidad para el beneficio del pa\u00eds, y abra la puerta a los censistas y participe.<\/p>\n\n\n\n<p><strong>ELEMENTOS DE LA CAMPA\u00d1A<\/strong><\/p>\n\n\n\n<ul class=\"wp-block-list\">\n<li>CREATIVIDAD<\/li>\n<\/ul>\n\n\n\n<p class=\"justify-text\">Efectiva que transmita los atributos deseados, que sea amigable y c\u00e1lida hacia el p\u00fablico objetivo; que permita incrementar el posicionamiento de la imagen censal, as\u00ed como fortalecer el compromiso de la poblaci\u00f3n con el proyecto.<\/p>\n\n\n\n<p class=\"justify-text\">La creatividad debe de ser inclusiva y debe de contemplar a los distintos segmentos de la poblaci\u00f3n por sexo, edad, preferencias sexuales, condici\u00f3n de discapacidad, identidad ind\u00edgena, origen \u00e9tnico, entre otros.<\/p>\n\n\n\n<ul class=\"wp-block-list\">\n<li>ACCIONES MEDI\u00c1TICAS<\/li>\n<\/ul>\n\n\n\n<p class=\"justify-text\">Que contribuyan a brindar informaci\u00f3n clara y oportuna, garantizando alta efectividad en t\u00e9rminos de las audiencias a las que van dirigidas.<\/p>\n\n\n\n<ul class=\"wp-block-list\">\n<li>ESTRATEGIAS ESPEC\u00cdFICAS<\/li>\n<\/ul>\n\n\n\n<p class=\"justify-text\">Para distintos tipos de segmentos y audiencias que por sus caracter\u00edsticas requieran una estrategia espec\u00edfica. Ejemplo: poblaci\u00f3n ind\u00edgena, poblaci\u00f3n por regiones, entre otros.<\/p>\n\n\n\n<ul class=\"wp-block-list\">\n<li>PLAN DE MEDIOS (PAUTA)<\/li>\n<\/ul>\n\n\n\n<p class=\"justify-text\">Planeaci\u00f3n y selecci\u00f3n de medios de mayor penetraci\u00f3n, audiencia, alcance, cobertura, impacto e inmediatez.<\/p>\n\n\n\n<ul class=\"wp-block-list\">\n<li>ALIANZA CON ACTORES ESTRAT\u00c9GICOS<\/li>\n<\/ul>\n\n\n\n<p class=\"justify-text\">Sumar al proyecto aliados del \u00e1mbito p\u00fablico, privado, acad\u00e9mico y social con el fin de que apoyen al proyecto censal.<\/p>\n\n\n\n<p><strong>ETAPAS DE LA CAMPA\u00d1A<\/strong><\/p>\n\n\n\n<ol class=\"wp-block-list\">\n<li><strong>ETAPA PRECENSAL<\/strong><\/li>\n<\/ol>\n\n\n\n<ul class=\"wp-block-list\">\n<li>ACTUALIZACI\u00d3N CARTOGR\u00c1FICA ESTAD\u00cdSTICA<\/li>\n<\/ul>\n\n\n\n<p>OBJETIVO<\/p>\n\n\n\n<p class=\"justify-text\">Informar y sensibilizar a la poblaci\u00f3n sobre la importancia de la ACE con el fin de promover su participaci\u00f3n. Asimismo, transparentar y difundir los avances de dicha actividad.<\/p>\n\n\n\n<ul class=\"wp-block-list\">\n<li>CUESTIONARIO CENSAL\n<ol class=\"wp-block-list\">\n<li>CONSULTA P\u00daBLICA<\/li>\n\n\n\n<li>DIFUSI\u00d3N DEL CUESTIONARIO CENSAL FINAL<\/li>\n<\/ol>\n<\/li>\n<\/ul>\n\n\n\n<p>OBJETIVO<\/p>\n\n\n\n<p class=\"justify-text\">Informar y sensibilizar a la poblaci\u00f3n sobre la importancia de la ACE con el fin de promover su participaci\u00f3n. Asimismo, transparentar y difundir los avances de dicha actividad.<\/p>\n\n\n\n<ul class=\"wp-block-list\">\n<li>PRUEBA PILOTO<\/li>\n<\/ul>\n\n\n\n<p>OBJETIVO<\/p>\n\n\n\n<p class=\"justify-text\">Anunciar a la poblaci\u00f3n local de las regiones del Altiplano, Valle, Llano y Chaco sobre la realizaci\u00f3n de la prueba piloto del censo en dichas regiones, y promover su participaci\u00f3n.<\/p>\n\n\n\n<ul class=\"wp-block-list\">\n<li>CENSO EXPERIMENTAL<\/li>\n<\/ul>\n\n\n\n<p>OBJETIVO<\/p>\n\n\n\n<p class=\"justify-text\">Anunciar a la poblaci\u00f3n informaci\u00f3n conclusiva del Censo Experimental como parte de las etapas de preparaci\u00f3n del censo, con el fin de generar confianza y credibilidad en la planeaci\u00f3n de este. Asimismo, promover la participaci\u00f3n de la poblaci\u00f3n en el municipio donde se lleve a cabo.<\/p>\n\n\n\n<ol start=\"2\" class=\"wp-block-list\">\n<li><strong>ETAPA CENSAL<\/strong><\/li>\n<\/ol>\n\n\n\n<ul class=\"wp-block-list\">\n<li>RECLUTAMIENTO DE CENSISTAS VOLUNTARIOS\n<ol class=\"wp-block-list\">\n<li>RECLUTAMIENTO<\/li>\n\n\n\n<li>CAPACITACI\u00d3N DE CENSISTAS<\/li>\n<\/ol>\n<\/li>\n<\/ul>\n\n\n\n<p>OBJETIVO<\/p>\n\n\n\n<p class=\"justify-text\">Promover entre la poblaci\u00f3n en general, principalmente al segmento entre 16 y 25 a\u00f1os, la participaci\u00f3n como censistas y supervisores en el D\u00eda del censo.<\/p>\n\n\n\n<ul class=\"wp-block-list\">\n<li>SENSIBILIZACI\u00d3N DEL CENSO<\/li>\n<\/ul>\n\n\n\n<p>OBJETIVO<\/p>\n\n\n\n<p class=\"justify-text\">Sensibilizar a la poblaci\u00f3n sobre el valor del censo y la importancia de abrir la puerta a los censistas para obtener la informaci\u00f3n que contribuir\u00e1 a la toma de decisiones en favor del pa\u00eds.<\/p>\n\n\n\n<ul class=\"wp-block-list\">\n<li>INFORMATIVA Y D\u00cdA DEL CENSO<\/li>\n<\/ul>\n\n\n\n<p>OBJETIVO<\/p>\n\n\n\n<p class=\"justify-text\">Promover entre la poblaci\u00f3n la participaci\u00f3n en el d\u00eda del Censo, fomentando el entusiasmo y destacando el gran esfuerzo que implica este ejercicio como pa\u00eds. As\u00ed como dar informaci\u00f3n sobre la din\u00e1mica del levantamiento ese d\u00eda.<\/p>\n\n\n\n<ol start=\"3\" class=\"wp-block-list\">\n<li><strong>ETAPA POSTCENSAL<\/strong><\/li>\n<\/ol>\n\n\n\n<ul class=\"wp-block-list\">\n<li>AGRADECIMIENTO<\/li>\n<\/ul>\n\n\n\n<p>OBJETIVO<\/p>\n\n\n\n<p class=\"justify-text\">Agradecer a la poblaci\u00f3n en general sobre su participaci\u00f3n en este gran proyecto que permitir\u00e1 generar informaci\u00f3n que contribuir\u00e1 a la toma de decisiones en favor del pa\u00eds.<\/p>\n\n\n\n<ul class=\"wp-block-list\">\n<li>Presentaci\u00f3n de resultados generales de poblaci\u00f3n<\/li>\n<\/ul>\n\n\n\n<p>OBJETIVO<\/p>\n\n\n\n<p class=\"justify-text\">Dar a conocer entre la poblaci\u00f3n en general, los resultados generales de poblaci\u00f3n del censo.<\/p>\n\n\n\n<ul class=\"wp-block-list\">\n<li>Presentaci\u00f3n de resultados espec\u00edficos totales de poblaci\u00f3n y vivienda<\/li>\n<\/ul>\n\n\n\n<p>OBJETIVO<\/p>\n\n\n\n<p class=\"justify-text\">Dar a conocer entre la poblaci\u00f3n en general, los resultados espec\u00edficos totales de poblaci\u00f3n y vivienda del Censo.<\/p>\n\n\n\n<p><strong>SEGMENTACI\u00d3N DE AUDIENCIAS<\/strong><\/p>\n\n\n\n<p class=\"justify-text\">Es necesario tomar en cuenta la segmentaci\u00f3n de audiencias durante todas las etapas de la campa\u00f1a, para que el mensaje sea eficiente y conecte con los distintos p\u00fablicos que, por su nivel de especializaci\u00f3n, lengua, cultura, edad, condici\u00f3n socioecon\u00f3mica requieran una estrategia espec\u00edfica de comunicaci\u00f3n.<strong>&nbsp;<\/strong><\/p>\n\n\n\n<ol class=\"wp-block-list\">\n<li><strong>POBLACI\u00d3N EN GENERAL<\/strong>\n<ol class=\"wp-block-list\">\n<li>1 Estrategia regionalizada<\/li>\n<\/ol>\n<\/li>\n\n\n\n<li><strong>NACIONES Y PUEBLOS IND\u00cdGENAS ORIGINARIOS CAMPESINOS<\/strong><\/li>\n\n\n\n<li><strong>AUTORIDADES<\/strong><strong>&nbsp;<\/strong><\/li>\n\n\n\n<li><strong>POBLACI\u00d3N DE ALTOS INGRESOS<\/strong><\/li>\n\n\n\n<li><strong>ACADEMIA<\/strong><\/li>\n\n\n\n<li><strong>ORGANIZACIONES SOCIALES<\/strong><\/li>\n\n\n\n<li><strong>SECTOR PRIVADO<\/strong><\/li>\n\n\n\n<li><strong>NI\u00d1OS Y ADOLESCENTES<\/strong><\/li>\n<\/ol>\n\n\n\n<p><strong>CANALES DE COMUNICACI\u00d3N<\/strong><\/p>\n\n\n\n<p class=\"justify-text\">Un canal de comunicaci\u00f3n es un medio a trav\u00e9s del cual se van a trasmitir los mensajes para llegar a la poblaci\u00f3n objetivo. Para la selecci\u00f3n del medio de comunicaci\u00f3n id\u00f3neo que llegue a audiencias espec\u00edficas, es importante considerar distintos factores principalmente el componente local o regional. Cada canal de comunicaci\u00f3n tiene caracter\u00edsticas distintas, utiliza distintos formatos de contenidos para distintas audiencias.<\/p>\n\n\n\n<p class=\"justify-text\">Es necesario para la campa\u00f1a del censo utilizar diversos canales de comunicaci\u00f3n para llegar a distintas audiencias y desarrollar contenidos a la medida para cada segmento. A continuaci\u00f3n, se presentan los canales de comunicaci\u00f3n sugeridos para la campa\u00f1a:<\/p>\n\n\n\n<ul class=\"wp-block-list\">\n<li>Televisi\u00f3n (nacional y local)<\/li>\n\n\n\n<li>Radio (nacional, local y comunitaria)<\/li>\n\n\n\n<li>Redes sociales<\/li>\n\n\n\n<li>Peri\u00f3dicos<\/li>\n\n\n\n<li>Medios complementarios<\/li>\n\n\n\n<li>Web<\/li>\n\n\n\n<li>Merchandising<\/li>\n\n\n\n<li>Eventos, Ferias, presentaciones, reuniones y foros.<\/li>\n\n\n\n<li>Canales de comunicaci\u00f3n de terceros mediante alianzas estrat\u00e9gicas.<\/li>\n<\/ul>\n\n\n\n<p><strong>ACCIONES MEDI\u00c1TICAS<\/strong><\/p>\n\n\n\n<ul class=\"wp-block-list\">\n<li>Conferencias de prensa<\/li>\n\n\n\n<li>Comunicados de prensa<\/li>\n\n\n\n<li>Art\u00edculos period\u00edsticos<\/li>\n\n\n\n<li>Entrevistas<\/li>\n<\/ul>\n\n\n\n<p><strong>TIPO DE CONTENIDOS<\/strong><\/p>\n\n\n\n<ul class=\"wp-block-list\">\n<li>Redes sociales<\/li>\n\n\n\n<li>Publicidad online<\/li>\n\n\n\n<li>Impresos<\/li>\n\n\n\n<li>Eventos, foros y reuniones<\/li>\n<\/ul>\n<\/div>\n","protected":false},"excerpt":{"rendered":"<p>Estrategia de comunicaci\u00f3n INTRODUCCI\u00d3N El Censo de Poblaci\u00f3n y Vivienda es el evento estad\u00edstico de mayor importancia para el pa\u00eds, pues recoge informaci\u00f3n de toda la poblaci\u00f3n y las viviendas ubicadas en el territorio nacional. Es la fuente de datos indispensable para caracterizar a la poblaci\u00f3n y las viviendas: permite saber cu\u00e1ntos y c\u00f3mo somos, [&hellip;]<\/p>\n","protected":false},"author":1,"featured_media":0,"parent":22225,"menu_order":0,"comment_status":"closed","ping_status":"closed","template":"wp-custom-template-sticky-menu","meta":{"inline_featured_image":false,"_uag_custom_page_level_css":"","_joinchat":[],"footnotes":""},"class_list":["post-21474","page","type-page","status-publish","hentry"],"yoast_head":"<!-- This site is optimized with the Yoast SEO plugin v26.2 - https:\/\/yoast.com\/wordpress\/plugins\/seo\/ -->\n<title>ESTRATEGIA DE COMUNICACI\u00d3N - Censo 2024<\/title>\n<meta name=\"robots\" content=\"index, follow, max-snippet:-1, max-image-preview:large, max-video-preview:-1\" \/>\n<link rel=\"canonical\" href=\"https:\/\/cpv2024.ine.gob.bo\/index.php\/sobre-el-censo\/pre-comunicacion\/pre-comunicacion-estrategiadecomunicacion\/\" \/>\n<meta property=\"og:locale\" content=\"es_ES\" \/>\n<meta property=\"og:type\" content=\"article\" \/>\n<meta property=\"og:title\" content=\"ESTRATEGIA DE COMUNICACI\u00d3N - Censo 2024\" \/>\n<meta property=\"og:description\" content=\"Estrategia de comunicaci\u00f3n INTRODUCCI\u00d3N El Censo de Poblaci\u00f3n y Vivienda es el evento estad\u00edstico de mayor importancia para el pa\u00eds, pues recoge informaci\u00f3n de toda la poblaci\u00f3n y las viviendas ubicadas en el territorio nacional. Es la fuente de datos indispensable para caracterizar a la poblaci\u00f3n y las viviendas: permite saber cu\u00e1ntos y c\u00f3mo somos, [&hellip;]\" \/>\n<meta property=\"og:url\" content=\"https:\/\/cpv2024.ine.gob.bo\/index.php\/sobre-el-censo\/pre-comunicacion\/pre-comunicacion-estrategiadecomunicacion\/\" \/>\n<meta property=\"og:site_name\" content=\"Censo 2024\" \/>\n<meta property=\"article:publisher\" content=\"https:\/\/www.facebook.com\/ineboliviaoficial\/?locale=es_LA\" \/>\n<meta property=\"article:modified_time\" content=\"2025-08-20T12:34:16+00:00\" \/>\n<meta property=\"og:image\" content=\"https:\/\/cpv2024.ine.gob.bo\/wp-content\/uploads\/2025\/05\/estrategia.jpg\" \/>\n\t<meta property=\"og:image:width\" content=\"1600\" \/>\n\t<meta property=\"og:image:height\" content=\"800\" \/>\n\t<meta property=\"og:image:type\" content=\"image\/jpeg\" \/>\n<meta name=\"twitter:card\" content=\"summary_large_image\" \/>\n<meta name=\"twitter:site\" content=\"@ine_bolivia\" \/>\n<meta name=\"twitter:label1\" content=\"Tiempo de lectura\" \/>\n\t<meta name=\"twitter:data1\" content=\"7 minutos\" \/>\n<script type=\"application\/ld+json\" class=\"yoast-schema-graph\">{\"@context\":\"https:\/\/schema.org\",\"@graph\":[{\"@type\":\"WebPage\",\"@id\":\"https:\/\/cpv2024.ine.gob.bo\/index.php\/sobre-el-censo\/pre-comunicacion\/pre-comunicacion-estrategiadecomunicacion\/\",\"url\":\"https:\/\/cpv2024.ine.gob.bo\/index.php\/sobre-el-censo\/pre-comunicacion\/pre-comunicacion-estrategiadecomunicacion\/\",\"name\":\"ESTRATEGIA DE COMUNICACI\u00d3N - Censo 2024\",\"isPartOf\":{\"@id\":\"https:\/\/cpv2024.ine.gob.bo\/#website\"},\"primaryImageOfPage\":{\"@id\":\"https:\/\/cpv2024.ine.gob.bo\/index.php\/sobre-el-censo\/pre-comunicacion\/pre-comunicacion-estrategiadecomunicacion\/#primaryimage\"},\"image\":{\"@id\":\"https:\/\/cpv2024.ine.gob.bo\/index.php\/sobre-el-censo\/pre-comunicacion\/pre-comunicacion-estrategiadecomunicacion\/#primaryimage\"},\"thumbnailUrl\":\"https:\/\/cpv2024.ine.gob.bo\/wp-content\/uploads\/2025\/05\/estrategia-1024x512.jpg\",\"datePublished\":\"2025-05-27T21:00:36+00:00\",\"dateModified\":\"2025-08-20T12:34:16+00:00\",\"breadcrumb\":{\"@id\":\"https:\/\/cpv2024.ine.gob.bo\/index.php\/sobre-el-censo\/pre-comunicacion\/pre-comunicacion-estrategiadecomunicacion\/#breadcrumb\"},\"inLanguage\":\"es\",\"potentialAction\":[{\"@type\":\"ReadAction\",\"target\":[\"https:\/\/cpv2024.ine.gob.bo\/index.php\/sobre-el-censo\/pre-comunicacion\/pre-comunicacion-estrategiadecomunicacion\/\"]}]},{\"@type\":\"ImageObject\",\"inLanguage\":\"es\",\"@id\":\"https:\/\/cpv2024.ine.gob.bo\/index.php\/sobre-el-censo\/pre-comunicacion\/pre-comunicacion-estrategiadecomunicacion\/#primaryimage\",\"url\":\"https:\/\/cpv2024.ine.gob.bo\/wp-content\/uploads\/2025\/05\/estrategia.jpg\",\"contentUrl\":\"https:\/\/cpv2024.ine.gob.bo\/wp-content\/uploads\/2025\/05\/estrategia.jpg\",\"width\":1600,\"height\":800},{\"@type\":\"BreadcrumbList\",\"@id\":\"https:\/\/cpv2024.ine.gob.bo\/index.php\/sobre-el-censo\/pre-comunicacion\/pre-comunicacion-estrategiadecomunicacion\/#breadcrumb\",\"itemListElement\":[{\"@type\":\"ListItem\",\"position\":1,\"name\":\"Portada\",\"item\":\"https:\/\/cpv2024.ine.gob.bo\/\"},{\"@type\":\"ListItem\",\"position\":2,\"name\":\"SOBRE EL CENSO\",\"item\":\"https:\/\/cpv2024.ine.gob.bo\/index.php\/sobre-el-censo\/\"},{\"@type\":\"ListItem\",\"position\":3,\"name\":\"pre-Comunicaci\u00f3n\",\"item\":\"https:\/\/cpv2024.ine.gob.bo\/index.php\/sobre-el-censo\/pre-comunicacion\/\"},{\"@type\":\"ListItem\",\"position\":4,\"name\":\"ESTRATEGIA DE COMUNICACI\u00d3N\"}]},{\"@type\":\"WebSite\",\"@id\":\"https:\/\/cpv2024.ine.gob.bo\/#website\",\"url\":\"https:\/\/cpv2024.ine.gob.bo\/\",\"name\":\"Censo 2024\",\"description\":\"Pagina oficial del censo de poblaci\u00f3n Bolivia 2024\",\"publisher\":{\"@id\":\"https:\/\/cpv2024.ine.gob.bo\/#organization\"},\"alternateName\":\"https:\/\/cpv2024.ine.gob.bo\/\",\"potentialAction\":[{\"@type\":\"SearchAction\",\"target\":{\"@type\":\"EntryPoint\",\"urlTemplate\":\"https:\/\/cpv2024.ine.gob.bo\/?s={search_term_string}\"},\"query-input\":{\"@type\":\"PropertyValueSpecification\",\"valueRequired\":true,\"valueName\":\"search_term_string\"}}],\"inLanguage\":\"es\"},{\"@type\":\"Organization\",\"@id\":\"https:\/\/cpv2024.ine.gob.bo\/#organization\",\"name\":\"Censo 2024\",\"url\":\"https:\/\/cpv2024.ine.gob.bo\/\",\"logo\":{\"@type\":\"ImageObject\",\"inLanguage\":\"es\",\"@id\":\"https:\/\/cpv2024.ine.gob.bo\/#\/schema\/logo\/image\/\",\"url\":\"https:\/\/cpv2024.ine.gob.bo\/wp-content\/uploads\/2025\/04\/logo-censo_INE-512-px.png\",\"contentUrl\":\"https:\/\/cpv2024.ine.gob.bo\/wp-content\/uploads\/2025\/04\/logo-censo_INE-512-px.png\",\"width\":512,\"height\":264,\"caption\":\"Censo 2024\"},\"image\":{\"@id\":\"https:\/\/cpv2024.ine.gob.bo\/#\/schema\/logo\/image\/\"},\"sameAs\":[\"https:\/\/www.facebook.com\/ineboliviaoficial\/?locale=es_LA\",\"https:\/\/x.com\/ine_bolivia\"]}]}<\/script>\n<!-- \/ Yoast SEO plugin. -->","yoast_head_json":{"title":"ESTRATEGIA DE COMUNICACI\u00d3N - Censo 2024","robots":{"index":"index","follow":"follow","max-snippet":"max-snippet:-1","max-image-preview":"max-image-preview:large","max-video-preview":"max-video-preview:-1"},"canonical":"https:\/\/cpv2024.ine.gob.bo\/index.php\/sobre-el-censo\/pre-comunicacion\/pre-comunicacion-estrategiadecomunicacion\/","og_locale":"es_ES","og_type":"article","og_title":"ESTRATEGIA DE COMUNICACI\u00d3N - Censo 2024","og_description":"Estrategia de comunicaci\u00f3n INTRODUCCI\u00d3N El Censo de Poblaci\u00f3n y Vivienda es el evento estad\u00edstico de mayor importancia para el pa\u00eds, pues recoge informaci\u00f3n de toda la poblaci\u00f3n y las viviendas ubicadas en el territorio nacional. Es la fuente de datos indispensable para caracterizar a la poblaci\u00f3n y las viviendas: permite saber cu\u00e1ntos y c\u00f3mo somos, [&hellip;]","og_url":"https:\/\/cpv2024.ine.gob.bo\/index.php\/sobre-el-censo\/pre-comunicacion\/pre-comunicacion-estrategiadecomunicacion\/","og_site_name":"Censo 2024","article_publisher":"https:\/\/www.facebook.com\/ineboliviaoficial\/?locale=es_LA","article_modified_time":"2025-08-20T12:34:16+00:00","og_image":[{"width":1600,"height":800,"url":"https:\/\/cpv2024.ine.gob.bo\/wp-content\/uploads\/2025\/05\/estrategia.jpg","type":"image\/jpeg"}],"twitter_card":"summary_large_image","twitter_site":"@ine_bolivia","twitter_misc":{"Tiempo de lectura":"7 minutos"},"schema":{"@context":"https:\/\/schema.org","@graph":[{"@type":"WebPage","@id":"https:\/\/cpv2024.ine.gob.bo\/index.php\/sobre-el-censo\/pre-comunicacion\/pre-comunicacion-estrategiadecomunicacion\/","url":"https:\/\/cpv2024.ine.gob.bo\/index.php\/sobre-el-censo\/pre-comunicacion\/pre-comunicacion-estrategiadecomunicacion\/","name":"ESTRATEGIA DE COMUNICACI\u00d3N - Censo 2024","isPartOf":{"@id":"https:\/\/cpv2024.ine.gob.bo\/#website"},"primaryImageOfPage":{"@id":"https:\/\/cpv2024.ine.gob.bo\/index.php\/sobre-el-censo\/pre-comunicacion\/pre-comunicacion-estrategiadecomunicacion\/#primaryimage"},"image":{"@id":"https:\/\/cpv2024.ine.gob.bo\/index.php\/sobre-el-censo\/pre-comunicacion\/pre-comunicacion-estrategiadecomunicacion\/#primaryimage"},"thumbnailUrl":"https:\/\/cpv2024.ine.gob.bo\/wp-content\/uploads\/2025\/05\/estrategia-1024x512.jpg","datePublished":"2025-05-27T21:00:36+00:00","dateModified":"2025-08-20T12:34:16+00:00","breadcrumb":{"@id":"https:\/\/cpv2024.ine.gob.bo\/index.php\/sobre-el-censo\/pre-comunicacion\/pre-comunicacion-estrategiadecomunicacion\/#breadcrumb"},"inLanguage":"es","potentialAction":[{"@type":"ReadAction","target":["https:\/\/cpv2024.ine.gob.bo\/index.php\/sobre-el-censo\/pre-comunicacion\/pre-comunicacion-estrategiadecomunicacion\/"]}]},{"@type":"ImageObject","inLanguage":"es","@id":"https:\/\/cpv2024.ine.gob.bo\/index.php\/sobre-el-censo\/pre-comunicacion\/pre-comunicacion-estrategiadecomunicacion\/#primaryimage","url":"https:\/\/cpv2024.ine.gob.bo\/wp-content\/uploads\/2025\/05\/estrategia.jpg","contentUrl":"https:\/\/cpv2024.ine.gob.bo\/wp-content\/uploads\/2025\/05\/estrategia.jpg","width":1600,"height":800},{"@type":"BreadcrumbList","@id":"https:\/\/cpv2024.ine.gob.bo\/index.php\/sobre-el-censo\/pre-comunicacion\/pre-comunicacion-estrategiadecomunicacion\/#breadcrumb","itemListElement":[{"@type":"ListItem","position":1,"name":"Portada","item":"https:\/\/cpv2024.ine.gob.bo\/"},{"@type":"ListItem","position":2,"name":"SOBRE EL CENSO","item":"https:\/\/cpv2024.ine.gob.bo\/index.php\/sobre-el-censo\/"},{"@type":"ListItem","position":3,"name":"pre-Comunicaci\u00f3n","item":"https:\/\/cpv2024.ine.gob.bo\/index.php\/sobre-el-censo\/pre-comunicacion\/"},{"@type":"ListItem","position":4,"name":"ESTRATEGIA DE COMUNICACI\u00d3N"}]},{"@type":"WebSite","@id":"https:\/\/cpv2024.ine.gob.bo\/#website","url":"https:\/\/cpv2024.ine.gob.bo\/","name":"Censo 2024","description":"Pagina oficial del censo de poblaci\u00f3n Bolivia 2024","publisher":{"@id":"https:\/\/cpv2024.ine.gob.bo\/#organization"},"alternateName":"https:\/\/cpv2024.ine.gob.bo\/","potentialAction":[{"@type":"SearchAction","target":{"@type":"EntryPoint","urlTemplate":"https:\/\/cpv2024.ine.gob.bo\/?s={search_term_string}"},"query-input":{"@type":"PropertyValueSpecification","valueRequired":true,"valueName":"search_term_string"}}],"inLanguage":"es"},{"@type":"Organization","@id":"https:\/\/cpv2024.ine.gob.bo\/#organization","name":"Censo 2024","url":"https:\/\/cpv2024.ine.gob.bo\/","logo":{"@type":"ImageObject","inLanguage":"es","@id":"https:\/\/cpv2024.ine.gob.bo\/#\/schema\/logo\/image\/","url":"https:\/\/cpv2024.ine.gob.bo\/wp-content\/uploads\/2025\/04\/logo-censo_INE-512-px.png","contentUrl":"https:\/\/cpv2024.ine.gob.bo\/wp-content\/uploads\/2025\/04\/logo-censo_INE-512-px.png","width":512,"height":264,"caption":"Censo 2024"},"image":{"@id":"https:\/\/cpv2024.ine.gob.bo\/#\/schema\/logo\/image\/"},"sameAs":["https:\/\/www.facebook.com\/ineboliviaoficial\/?locale=es_LA","https:\/\/x.com\/ine_bolivia"]}]}},"uagb_featured_image_src":{"full":false,"thumbnail":false,"medium":false,"medium_large":false,"large":false,"1536x1536":false,"2048x2048":false,"gg_gallery_thumbnail":false},"uagb_author_info":{"display_name":"sergio","author_link":"https:\/\/cpv2024.ine.gob.bo\/index.php\/author\/sergio\/"},"uagb_comment_info":0,"uagb_excerpt":"Estrategia de comunicaci\u00f3n INTRODUCCI\u00d3N El Censo de Poblaci\u00f3n y Vivienda es el evento estad\u00edstico de mayor importancia para el pa\u00eds, pues recoge informaci\u00f3n de toda la poblaci\u00f3n y las viviendas ubicadas en el territorio nacional. Es la fuente de datos indispensable para caracterizar a la poblaci\u00f3n y las viviendas: permite saber cu\u00e1ntos y c\u00f3mo somos,&hellip;","_links":{"self":[{"href":"https:\/\/cpv2024.ine.gob.bo\/index.php\/wp-json\/wp\/v2\/pages\/21474","targetHints":{"allow":["GET"]}}],"collection":[{"href":"https:\/\/cpv2024.ine.gob.bo\/index.php\/wp-json\/wp\/v2\/pages"}],"about":[{"href":"https:\/\/cpv2024.ine.gob.bo\/index.php\/wp-json\/wp\/v2\/types\/page"}],"author":[{"embeddable":true,"href":"https:\/\/cpv2024.ine.gob.bo\/index.php\/wp-json\/wp\/v2\/users\/1"}],"replies":[{"embeddable":true,"href":"https:\/\/cpv2024.ine.gob.bo\/index.php\/wp-json\/wp\/v2\/comments?post=21474"}],"version-history":[{"count":14,"href":"https:\/\/cpv2024.ine.gob.bo\/index.php\/wp-json\/wp\/v2\/pages\/21474\/revisions"}],"predecessor-version":[{"id":25228,"href":"https:\/\/cpv2024.ine.gob.bo\/index.php\/wp-json\/wp\/v2\/pages\/21474\/revisions\/25228"}],"up":[{"embeddable":true,"href":"https:\/\/cpv2024.ine.gob.bo\/index.php\/wp-json\/wp\/v2\/pages\/22225"}],"wp:attachment":[{"href":"https:\/\/cpv2024.ine.gob.bo\/index.php\/wp-json\/wp\/v2\/media?parent=21474"}],"curies":[{"name":"wp","href":"https:\/\/api.w.org\/{rel}","templated":true}]}}