{"id":24008,"date":"2025-07-31T14:01:14","date_gmt":"2025-07-31T14:01:14","guid":{"rendered":"https:\/\/cpv2024.ine.gob.bo\/?page_id=24008"},"modified":"2025-08-25T18:59:28","modified_gmt":"2025-08-25T18:59:28","slug":"procesamiento-de-datos-2025","status":"publish","type":"page","link":"https:\/\/cpv2024.ine.gob.bo\/index.php\/principal\/procesamiento-de-datos-2025\/","title":{"rendered":"Procesamiento de datos &#8211; 2025"},"content":{"rendered":"\n<div class=\"wp-block-group has-global-padding is-layout-constrained wp-container-core-group-is-layout-0b40682b wp-block-group-is-layout-constrained\">\n<p class=\"is-style-text-subtitle is-style-text-subtitle--2\"><strong>Procesamiento de datos<\/strong><\/p>\n\n\n\n<p>El siguiente flujo describe el procesamiento de datos.<\/p>\n\n\n\n<p class=\"justify-text\">El <strong>procesamiento de datos censales<\/strong>: constituye una fase estrat\u00e9gica y altamente especializada dentro del ciclo censal, cuya finalidad es convertir la informaci\u00f3n recolectada en el operativo de campo en bases de datos estructuradas, depuradas y listas para la generaci\u00f3n de productos estad\u00edsticos. Este proceso comprende varias actividades claves, entre ellas est\u00e1 la limpieza, verificaci\u00f3n de la ubicaci\u00f3n geogr\u00e1fica y conteo poblacional; el escaneo y captura de datos; la revisi\u00f3n de variables geogr\u00e1ficas; revisi\u00f3n de conflictos de l\u00edmites; codificaci\u00f3n bajo clasificadores oficiales; validaci\u00f3n, consistencia e imputaci\u00f3n.<\/p>\n\n\n\n<ul class=\"wp-block-list\">\n<li class=\"justify-text\"><strong>Captura de datos desde los cuestionarios censales: <\/strong>este proceso consisti\u00f3 en escanear los cuestionarios censales recibidos mediante un flujo sistem\u00e1tico que incluy\u00f3 la recepci\u00f3n, ordenamiento, corte, digitalizaci\u00f3n y almacenamiento de im\u00e1genes de los cuestionarios. Posteriormente, se aplic\u00f3 un software especializado para el reconocimiento de marcas y caracteres, complementado con re-transcripci\u00f3n asistida en los casos con baja certeza de lectura autom\u00e1tica. La informaci\u00f3n extra\u00edda conform\u00f3 una base de datos bruta denominada \u00abBase 0\u00bb, que fue sometida a controles de calidad por muestreo para garantizar la precisi\u00f3n antes de su consolidaci\u00f3n para procesamiento.<\/li>\n<\/ul>\n\n\n\n<ul class=\"wp-block-list\">\n<li class=\"justify-text\"><strong>Codificaci\u00f3n:<\/strong> implic\u00f3 asignar c\u00f3digos estandarizados a respuestas textuales de variables espec\u00edficas como ocupaci\u00f3n, actividad econ\u00f3mica, idioma, lugar de nacimiento, entre otros, utilizando clasificaciones estad\u00edsticas oficiales. Este proceso combin\u00f3 m\u00e9todos autom\u00e1ticos y asistidos mediante un sistema inform\u00e1tico desarrollado para tal fin.<\/li>\n<\/ul>\n\n\n\n<ul class=\"wp-block-list\">\n<li class=\"justify-text\"><strong>Revisi\u00f3n geogr\u00e1fica de la base de datos:<\/strong> con el objetivo de asegurar la consistencia de las variables geogr\u00e1ficas asignadas a cada cuestionario censal, se realiz\u00f3 una verificaci\u00f3n cruzada entre la informaci\u00f3n procesada y la cartograf\u00eda censal oficial. Este control de calidad garantiz\u00f3 que los c\u00f3digos y descripciones geogr\u00e1ficas (departamento, provincia, municipio) coincidieran plenamente, fortaleciendo la trazabilidad e integridad de la base de datos.<\/li>\n<\/ul>\n\n\n\n<ul class=\"wp-block-list\">\n<li class=\"justify-text\"><strong>Revisi\u00f3n y verificaci\u00f3n de l\u00edmites territoriales<\/strong>: para resolver conflictos de l\u00edmites territoriales y pertenencia de comunidades, el INE aplic\u00f3 la Resoluci\u00f3n Administrativa 58\/2024 y el Decreto Supremo 5050. El proceso incluy\u00f3 la consolidaci\u00f3n de comunidades en conflicto, actualizaci\u00f3n de c\u00f3digos geogr\u00e1ficos y la generaci\u00f3n de una base de datos consolidada de conflictos. Esta tarea se complement\u00f3 con revisiones t\u00e9cnicas y legales para garantizar la correcta delimitaci\u00f3n en la publicaci\u00f3n de resultados censales preliminares.<\/li>\n<\/ul>\n\n\n\n<ul class=\"wp-block-list\">\n<li class=\"justify-text\"><strong>Validaci\u00f3n, consistencia e imputaci\u00f3n: <\/strong>en este proceso se aplic\u00f3 criterios t\u00e9cnicos basados en reglas l\u00f3gicas y referencias de registros administrativos. Para la imputaci\u00f3n de datos faltantes o inconsistentes se utiliz\u00f3 el m\u00e9todo hot deck, que preserva la coherencia y distribuci\u00f3n de las variables. Este procedimiento asegur\u00f3 una base de datos completa, depurada y consistente, adecuada para el an\u00e1lisis estad\u00edstico y la generaci\u00f3n de resultados censales oficiales confiables.<\/li>\n<\/ul>\n\n\n\n<p class=\"justify-text\">Adicionalmente, el procesamiento de datos genera productos estad\u00edsticos fundamentales, como tabulados b\u00e1sicos y ampliados, bases de datos p\u00fablicas y microdatos anonimizados, que permiten a distintos niveles del Estado y a la sociedad en general, disponer de informaci\u00f3n confiable para la planificaci\u00f3n, gesti\u00f3n p\u00fablica, investigaci\u00f3n acad\u00e9mica e insumos para el seguimiento de compromisos internacionales, como las metas de los <strong>Objetivos de Desarrollo Sostenible (ODS)<\/strong> y el <strong>Consenso de Montevideo<\/strong>. La transparencia y trazabilidad del procesamiento contribuyen, adem\u00e1s, a fortalecer la legitimidad y confianza p\u00fablica en los resultados censales.<\/p>\n\n\n\n<p class=\"justify-text\">La <strong>calidad censal<\/strong> se sustenta en la rigurosidad metodol\u00f3gica y t\u00e9cnica aplicada en cada una de estas etapas. En el caso del <strong>Censo de Poblaci\u00f3n y Vivienda 2024<\/strong>, el Instituto Nacional de Estad\u00edstica (INE) implement\u00f3 procedimientos integrados de control de calidad en todas las fases del procesamiento. Esta labor garantiza que los datos censales sean consistentes, completos, precisos y comparables, alineados a est\u00e1ndares internacionales.<\/p>\n<\/div>\n","protected":false},"excerpt":{"rendered":"<p>Procesamiento de datos El siguiente flujo describe el procesamiento de datos. El procesamiento de datos censales: constituye una fase estrat\u00e9gica y altamente especializada dentro del ciclo censal, cuya finalidad es convertir la informaci\u00f3n recolectada en el operativo de campo en bases de datos estructuradas, depuradas y listas para la generaci\u00f3n de productos estad\u00edsticos. Este proceso [&hellip;]<\/p>\n","protected":false},"author":1,"featured_media":0,"parent":2,"menu_order":0,"comment_status":"closed","ping_status":"closed","template":"wp-custom-template-sticky-menu","meta":{"inline_featured_image":false,"_uag_custom_page_level_css":"","_joinchat":[],"footnotes":""},"class_list":["post-24008","page","type-page","status-publish","hentry"],"yoast_head":"<!-- This site is optimized with the Yoast SEO plugin v26.2 - https:\/\/yoast.com\/wordpress\/plugins\/seo\/ -->\n<title>Procesamiento de datos - 2025 - Censo 2024<\/title>\n<meta name=\"robots\" content=\"index, follow, max-snippet:-1, max-image-preview:large, max-video-preview:-1\" \/>\n<link rel=\"canonical\" href=\"https:\/\/cpv2024.ine.gob.bo\/index.php\/principal\/procesamiento-de-datos-2025\/\" \/>\n<meta property=\"og:locale\" content=\"es_ES\" \/>\n<meta property=\"og:type\" content=\"article\" \/>\n<meta property=\"og:title\" content=\"Procesamiento de datos - 2025 - Censo 2024\" \/>\n<meta property=\"og:description\" content=\"Procesamiento de datos El siguiente flujo describe el procesamiento de datos. El procesamiento de datos censales: constituye una fase estrat\u00e9gica y altamente especializada dentro del ciclo censal, cuya finalidad es convertir la informaci\u00f3n recolectada en el operativo de campo en bases de datos estructuradas, depuradas y listas para la generaci\u00f3n de productos estad\u00edsticos. Este proceso [&hellip;]\" \/>\n<meta property=\"og:url\" content=\"https:\/\/cpv2024.ine.gob.bo\/index.php\/principal\/procesamiento-de-datos-2025\/\" \/>\n<meta property=\"og:site_name\" content=\"Censo 2024\" \/>\n<meta property=\"article:publisher\" content=\"https:\/\/www.facebook.com\/ineboliviaoficial\/?locale=es_LA\" \/>\n<meta property=\"article:modified_time\" content=\"2025-08-25T18:59:28+00:00\" \/>\n<meta name=\"twitter:card\" content=\"summary_large_image\" \/>\n<meta name=\"twitter:site\" content=\"@ine_bolivia\" \/>\n<meta name=\"twitter:label1\" content=\"Tiempo de lectura\" \/>\n\t<meta name=\"twitter:data1\" content=\"3 minutos\" \/>\n<script type=\"application\/ld+json\" class=\"yoast-schema-graph\">{\"@context\":\"https:\/\/schema.org\",\"@graph\":[{\"@type\":\"WebPage\",\"@id\":\"https:\/\/cpv2024.ine.gob.bo\/index.php\/principal\/procesamiento-de-datos-2025\/\",\"url\":\"https:\/\/cpv2024.ine.gob.bo\/index.php\/principal\/procesamiento-de-datos-2025\/\",\"name\":\"Procesamiento de datos - 2025 - Censo 2024\",\"isPartOf\":{\"@id\":\"https:\/\/cpv2024.ine.gob.bo\/#website\"},\"datePublished\":\"2025-07-31T14:01:14+00:00\",\"dateModified\":\"2025-08-25T18:59:28+00:00\",\"breadcrumb\":{\"@id\":\"https:\/\/cpv2024.ine.gob.bo\/index.php\/principal\/procesamiento-de-datos-2025\/#breadcrumb\"},\"inLanguage\":\"es\",\"potentialAction\":[{\"@type\":\"ReadAction\",\"target\":[\"https:\/\/cpv2024.ine.gob.bo\/index.php\/principal\/procesamiento-de-datos-2025\/\"]}]},{\"@type\":\"BreadcrumbList\",\"@id\":\"https:\/\/cpv2024.ine.gob.bo\/index.php\/principal\/procesamiento-de-datos-2025\/#breadcrumb\",\"itemListElement\":[{\"@type\":\"ListItem\",\"position\":1,\"name\":\"Portada\",\"item\":\"https:\/\/cpv2024.ine.gob.bo\/\"},{\"@type\":\"ListItem\",\"position\":2,\"name\":\"PRINCIPAL\",\"item\":\"https:\/\/cpv2024.ine.gob.bo\/\"},{\"@type\":\"ListItem\",\"position\":3,\"name\":\"Procesamiento de datos &#8211; 2025\"}]},{\"@type\":\"WebSite\",\"@id\":\"https:\/\/cpv2024.ine.gob.bo\/#website\",\"url\":\"https:\/\/cpv2024.ine.gob.bo\/\",\"name\":\"Censo 2024\",\"description\":\"Pagina oficial del censo de poblaci\u00f3n Bolivia 2024\",\"publisher\":{\"@id\":\"https:\/\/cpv2024.ine.gob.bo\/#organization\"},\"alternateName\":\"https:\/\/cpv2024.ine.gob.bo\/\",\"potentialAction\":[{\"@type\":\"SearchAction\",\"target\":{\"@type\":\"EntryPoint\",\"urlTemplate\":\"https:\/\/cpv2024.ine.gob.bo\/?s={search_term_string}\"},\"query-input\":{\"@type\":\"PropertyValueSpecification\",\"valueRequired\":true,\"valueName\":\"search_term_string\"}}],\"inLanguage\":\"es\"},{\"@type\":\"Organization\",\"@id\":\"https:\/\/cpv2024.ine.gob.bo\/#organization\",\"name\":\"Censo 2024\",\"url\":\"https:\/\/cpv2024.ine.gob.bo\/\",\"logo\":{\"@type\":\"ImageObject\",\"inLanguage\":\"es\",\"@id\":\"https:\/\/cpv2024.ine.gob.bo\/#\/schema\/logo\/image\/\",\"url\":\"https:\/\/cpv2024.ine.gob.bo\/wp-content\/uploads\/2025\/04\/logo-censo_INE-512-px.png\",\"contentUrl\":\"https:\/\/cpv2024.ine.gob.bo\/wp-content\/uploads\/2025\/04\/logo-censo_INE-512-px.png\",\"width\":512,\"height\":264,\"caption\":\"Censo 2024\"},\"image\":{\"@id\":\"https:\/\/cpv2024.ine.gob.bo\/#\/schema\/logo\/image\/\"},\"sameAs\":[\"https:\/\/www.facebook.com\/ineboliviaoficial\/?locale=es_LA\",\"https:\/\/x.com\/ine_bolivia\"]}]}<\/script>\n<!-- \/ Yoast SEO plugin. -->","yoast_head_json":{"title":"Procesamiento de datos - 2025 - Censo 2024","robots":{"index":"index","follow":"follow","max-snippet":"max-snippet:-1","max-image-preview":"max-image-preview:large","max-video-preview":"max-video-preview:-1"},"canonical":"https:\/\/cpv2024.ine.gob.bo\/index.php\/principal\/procesamiento-de-datos-2025\/","og_locale":"es_ES","og_type":"article","og_title":"Procesamiento de datos - 2025 - Censo 2024","og_description":"Procesamiento de datos El siguiente flujo describe el procesamiento de datos. El procesamiento de datos censales: constituye una fase estrat\u00e9gica y altamente especializada dentro del ciclo censal, cuya finalidad es convertir la informaci\u00f3n recolectada en el operativo de campo en bases de datos estructuradas, depuradas y listas para la generaci\u00f3n de productos estad\u00edsticos. Este proceso [&hellip;]","og_url":"https:\/\/cpv2024.ine.gob.bo\/index.php\/principal\/procesamiento-de-datos-2025\/","og_site_name":"Censo 2024","article_publisher":"https:\/\/www.facebook.com\/ineboliviaoficial\/?locale=es_LA","article_modified_time":"2025-08-25T18:59:28+00:00","twitter_card":"summary_large_image","twitter_site":"@ine_bolivia","twitter_misc":{"Tiempo de lectura":"3 minutos"},"schema":{"@context":"https:\/\/schema.org","@graph":[{"@type":"WebPage","@id":"https:\/\/cpv2024.ine.gob.bo\/index.php\/principal\/procesamiento-de-datos-2025\/","url":"https:\/\/cpv2024.ine.gob.bo\/index.php\/principal\/procesamiento-de-datos-2025\/","name":"Procesamiento de datos - 2025 - Censo 2024","isPartOf":{"@id":"https:\/\/cpv2024.ine.gob.bo\/#website"},"datePublished":"2025-07-31T14:01:14+00:00","dateModified":"2025-08-25T18:59:28+00:00","breadcrumb":{"@id":"https:\/\/cpv2024.ine.gob.bo\/index.php\/principal\/procesamiento-de-datos-2025\/#breadcrumb"},"inLanguage":"es","potentialAction":[{"@type":"ReadAction","target":["https:\/\/cpv2024.ine.gob.bo\/index.php\/principal\/procesamiento-de-datos-2025\/"]}]},{"@type":"BreadcrumbList","@id":"https:\/\/cpv2024.ine.gob.bo\/index.php\/principal\/procesamiento-de-datos-2025\/#breadcrumb","itemListElement":[{"@type":"ListItem","position":1,"name":"Portada","item":"https:\/\/cpv2024.ine.gob.bo\/"},{"@type":"ListItem","position":2,"name":"PRINCIPAL","item":"https:\/\/cpv2024.ine.gob.bo\/"},{"@type":"ListItem","position":3,"name":"Procesamiento de datos &#8211; 2025"}]},{"@type":"WebSite","@id":"https:\/\/cpv2024.ine.gob.bo\/#website","url":"https:\/\/cpv2024.ine.gob.bo\/","name":"Censo 2024","description":"Pagina oficial del censo de poblaci\u00f3n Bolivia 2024","publisher":{"@id":"https:\/\/cpv2024.ine.gob.bo\/#organization"},"alternateName":"https:\/\/cpv2024.ine.gob.bo\/","potentialAction":[{"@type":"SearchAction","target":{"@type":"EntryPoint","urlTemplate":"https:\/\/cpv2024.ine.gob.bo\/?s={search_term_string}"},"query-input":{"@type":"PropertyValueSpecification","valueRequired":true,"valueName":"search_term_string"}}],"inLanguage":"es"},{"@type":"Organization","@id":"https:\/\/cpv2024.ine.gob.bo\/#organization","name":"Censo 2024","url":"https:\/\/cpv2024.ine.gob.bo\/","logo":{"@type":"ImageObject","inLanguage":"es","@id":"https:\/\/cpv2024.ine.gob.bo\/#\/schema\/logo\/image\/","url":"https:\/\/cpv2024.ine.gob.bo\/wp-content\/uploads\/2025\/04\/logo-censo_INE-512-px.png","contentUrl":"https:\/\/cpv2024.ine.gob.bo\/wp-content\/uploads\/2025\/04\/logo-censo_INE-512-px.png","width":512,"height":264,"caption":"Censo 2024"},"image":{"@id":"https:\/\/cpv2024.ine.gob.bo\/#\/schema\/logo\/image\/"},"sameAs":["https:\/\/www.facebook.com\/ineboliviaoficial\/?locale=es_LA","https:\/\/x.com\/ine_bolivia"]}]}},"uagb_featured_image_src":{"full":false,"thumbnail":false,"medium":false,"medium_large":false,"large":false,"1536x1536":false,"2048x2048":false,"gg_gallery_thumbnail":false},"uagb_author_info":{"display_name":"sergio","author_link":"https:\/\/cpv2024.ine.gob.bo\/index.php\/author\/sergio\/"},"uagb_comment_info":0,"uagb_excerpt":"Procesamiento de datos El siguiente flujo describe el procesamiento de datos. El procesamiento de datos censales: constituye una fase estrat\u00e9gica y altamente especializada dentro del ciclo censal, cuya finalidad es convertir la informaci\u00f3n recolectada en el operativo de campo en bases de datos estructuradas, depuradas y listas para la generaci\u00f3n de productos estad\u00edsticos. Este proceso&hellip;","_links":{"self":[{"href":"https:\/\/cpv2024.ine.gob.bo\/index.php\/wp-json\/wp\/v2\/pages\/24008","targetHints":{"allow":["GET"]}}],"collection":[{"href":"https:\/\/cpv2024.ine.gob.bo\/index.php\/wp-json\/wp\/v2\/pages"}],"about":[{"href":"https:\/\/cpv2024.ine.gob.bo\/index.php\/wp-json\/wp\/v2\/types\/page"}],"author":[{"embeddable":true,"href":"https:\/\/cpv2024.ine.gob.bo\/index.php\/wp-json\/wp\/v2\/users\/1"}],"replies":[{"embeddable":true,"href":"https:\/\/cpv2024.ine.gob.bo\/index.php\/wp-json\/wp\/v2\/comments?post=24008"}],"version-history":[{"count":10,"href":"https:\/\/cpv2024.ine.gob.bo\/index.php\/wp-json\/wp\/v2\/pages\/24008\/revisions"}],"predecessor-version":[{"id":26098,"href":"https:\/\/cpv2024.ine.gob.bo\/index.php\/wp-json\/wp\/v2\/pages\/24008\/revisions\/26098"}],"up":[{"embeddable":true,"href":"https:\/\/cpv2024.ine.gob.bo\/index.php\/wp-json\/wp\/v2\/pages\/2"}],"wp:attachment":[{"href":"https:\/\/cpv2024.ine.gob.bo\/index.php\/wp-json\/wp\/v2\/media?parent=24008"}],"curies":[{"name":"wp","href":"https:\/\/api.w.org\/{rel}","templated":true}]}}